{"version":"1.0","provider_name":"Aprendiendo en Verde","provider_url":"https:\/\/aprendiendoenverde.com\/ar","author_name":"Aprendiendo en Verde","author_url":"https:\/\/aprendiendoenverde.com\/ar\/author\/admin\/","title":"D\u00eda Nacional del \u00c1rbol | Aprendiendo en Verde","type":"rich","width":600,"height":338,"html":"<blockquote class=\"wp-embedded-content\" data-secret=\"NPlmJ3QqVp\"><a href=\"https:\/\/aprendiendoenverde.com\/ar\/2022\/08\/29\/dia-nacional-del-arbol\/\">D\u00eda Nacional del \u00c1rbol<\/a><\/blockquote><iframe sandbox=\"allow-scripts\" security=\"restricted\" src=\"https:\/\/aprendiendoenverde.com\/ar\/2022\/08\/29\/dia-nacional-del-arbol\/embed\/#?secret=NPlmJ3QqVp\" width=\"600\" height=\"338\" title=\"\u00abD\u00eda Nacional del \u00c1rbol\u00bb \u2014 Aprendiendo en Verde\" data-secret=\"NPlmJ3QqVp\" frameborder=\"0\" marginwidth=\"0\" marginheight=\"0\" scrolling=\"no\" class=\"wp-embedded-content\"><\/iframe><script>\n\/*! This file is auto-generated *\/\n!function(d,l){\"use strict\";l.querySelector&&d.addEventListener&&\"undefined\"!=typeof URL&&(d.wp=d.wp||{},d.wp.receiveEmbedMessage||(d.wp.receiveEmbedMessage=function(e){var t=e.data;if((t||t.secret||t.message||t.value)&&!\/[^a-zA-Z0-9]\/.test(t.secret)){for(var s,r,n,a=l.querySelectorAll('iframe[data-secret=\"'+t.secret+'\"]'),o=l.querySelectorAll('blockquote[data-secret=\"'+t.secret+'\"]'),c=new RegExp(\"^https?:$\",\"i\"),i=0;i<o.length;i++)o[i].style.display=\"none\";for(i=0;i<a.length;i++)s=a[i],e.source===s.contentWindow&&(s.removeAttribute(\"style\"),\"height\"===t.message?(1e3<(r=parseInt(t.value,10))?r=1e3:~~r<200&&(r=200),s.height=r):\"link\"===t.message&&(r=new URL(s.getAttribute(\"src\")),n=new URL(t.value),c.test(n.protocol))&&n.host===r.host&&l.activeElement===s&&(d.top.location.href=t.value))}},d.addEventListener(\"message\",d.wp.receiveEmbedMessage,!1),l.addEventListener(\"DOMContentLoaded\",function(){for(var e,t,s=l.querySelectorAll(\"iframe.wp-embedded-content\"),r=0;r<s.length;r++)(t=(e=s[r]).getAttribute(\"data-secret\"))||(t=Math.random().toString(36).substring(2,12),e.src+=\"#?secret=\"+t,e.setAttribute(\"data-secret\",t)),e.contentWindow.postMessage({message:\"ready\",secret:t},\"*\")},!1)))}(window,document);\n<\/script>\n","thumbnail_url":"https:\/\/aprendiendoenverde.com\/ar\/wp-content\/uploads\/2022\/08\/pexels-photo-1083342.jpeg","thumbnail_width":1125,"thumbnail_height":750,"description":"Cada 29 de Agosto, desde 1901, nuestro pa\u00eds celebra el D\u00eda Nacional del \u00c1rbol. La iniciativa fue de Estanislao Zeballos y establecida por el Consejo Nacional de Educaci\u00f3n con la intenci\u00f3n de enfatizar en la importancia de este recurso natural. Anteriormente, Domingo Faustino Sarmiento, ex presidente de la Naci\u00f3n desde 1868 hasta 1874, tambi\u00e9n fue &hellip; Seguir leyendo \u00ab\u00bb"}

Día Nacional del Árbol | Aprendiendo en Verde

<blockquote class="wp-embedded-content" data-secret="NPlmJ3QqVp"><a href="https://aprendiendoenverde.com/ar/2022/08/29/dia-nacional-del-arbol/">Día Nacional del Árbol</a></blockquote><iframe sandbox="allow-scripts" security="restricted" src="https://aprendiendoenverde.com/ar/2022/08/29/dia-nacional-del-arbol/embed/#?secret=NPlmJ3QqVp" width="600" height="338" title="«Día Nacional del Árbol» — Aprendiendo en Verde" data-secret="NPlmJ3QqVp" frameborder="0" marginwidth="0" marginheight="0" scrolling="no" class="wp-embedded-content"></iframe><script>
/*! This file is auto-generated */
!function(d,l){"use strict";l.querySelector&&d.addEventListener&&"undefined"!=typeof URL&&(d.wp=d.wp||{},d.wp.receiveEmbedMessage||(d.wp.receiveEmbedMessage=function(e){var t=e.data;if((t||t.secret||t.message||t.value)&&!/[^a-zA-Z0-9]/.test(t.secret)){for(var s,r,n,a=l.querySelectorAll('iframe[data-secret="'+t.secret+'"]'),o=l.querySelectorAll('blockquote[data-secret="'+t.secret+'"]'),c=new RegExp("^https?:$","i"),i=0;i<o.length;i++)o[i].style.display="none";for(i=0;i<a.length;i++)s=a[i],e.source===s.contentWindow&&(s.removeAttribute("style"),"height"===t.message?(1e3<(r=parseInt(t.value,10))?r=1e3:~~r<200&&(r=200),s.height=r):"link"===t.message&&(r=new URL(s.getAttribute("src")),n=new URL(t.value),c.test(n.protocol))&&n.host===r.host&&l.activeElement===s&&(d.top.location.href=t.value))}},d.addEventListener("message",d.wp.receiveEmbedMessage,!1),l.addEventListener("DOMContentLoaded",function(){for(var e,t,s=l.querySelectorAll("iframe.wp-embedded-content"),r=0;r<s.length;r++)(t=(e=s[r]).getAttribute("data-secret"))||(t=Math.random().toString(36).substring(2,12),e.src+="#?secret="+t,e.setAttribute("data-secret",t)),e.contentWindow.postMessage({message:"ready",secret:t},"*")},!1)))}(window,document);
</script>

Cada 29 de Agosto, desde 1901, nuestro país celebra el Día Nacional del Árbol. La iniciativa fue de Estanislao Zeballos y establecida por el Consejo Nacional de Educación con la intención de enfatizar en la importancia de este recurso natural. Anteriormente, Domingo Faustino Sarmiento, ex presidente de la Nación desde 1868 hasta 1874, también fue &hellip; Seguir leyendo «»
