{"version":"1.0","provider_name":"Aprendiendo en Verde","provider_url":"https:\/\/aprendiendoenverde.com\/ar","author_name":"Fundaci\u00f3n Espacios Verdes","author_url":"https:\/\/aprendiendoenverde.com\/ar\/author\/fev\/","title":"27 de septiembre. D\u00eda de la Conciencia Ambiental | Aprendiendo en Verde","type":"rich","width":600,"height":338,"html":"<blockquote class=\"wp-embedded-content\" data-secret=\"PHz95FoHLc\"><a href=\"https:\/\/aprendiendoenverde.com\/ar\/2021\/09\/27\/27-de-septiembre-dia-de-la-conciencia-ambiental\/\">27 de septiembre. D\u00eda de la Conciencia Ambiental<\/a><\/blockquote><iframe sandbox=\"allow-scripts\" security=\"restricted\" src=\"https:\/\/aprendiendoenverde.com\/ar\/2021\/09\/27\/27-de-septiembre-dia-de-la-conciencia-ambiental\/embed\/#?secret=PHz95FoHLc\" width=\"600\" height=\"338\" title=\"\u00ab27 de septiembre. D\u00eda de la Conciencia Ambiental\u00bb \u2014 Aprendiendo en Verde\" data-secret=\"PHz95FoHLc\" frameborder=\"0\" marginwidth=\"0\" marginheight=\"0\" scrolling=\"no\" class=\"wp-embedded-content\"><\/iframe><script>\n\/*! This file is auto-generated *\/\n!function(d,l){\"use strict\";l.querySelector&&d.addEventListener&&\"undefined\"!=typeof URL&&(d.wp=d.wp||{},d.wp.receiveEmbedMessage||(d.wp.receiveEmbedMessage=function(e){var t=e.data;if((t||t.secret||t.message||t.value)&&!\/[^a-zA-Z0-9]\/.test(t.secret)){for(var s,r,n,a=l.querySelectorAll('iframe[data-secret=\"'+t.secret+'\"]'),o=l.querySelectorAll('blockquote[data-secret=\"'+t.secret+'\"]'),c=new RegExp(\"^https?:$\",\"i\"),i=0;i<o.length;i++)o[i].style.display=\"none\";for(i=0;i<a.length;i++)s=a[i],e.source===s.contentWindow&&(s.removeAttribute(\"style\"),\"height\"===t.message?(1e3<(r=parseInt(t.value,10))?r=1e3:~~r<200&&(r=200),s.height=r):\"link\"===t.message&&(r=new URL(s.getAttribute(\"src\")),n=new URL(t.value),c.test(n.protocol))&&n.host===r.host&&l.activeElement===s&&(d.top.location.href=t.value))}},d.addEventListener(\"message\",d.wp.receiveEmbedMessage,!1),l.addEventListener(\"DOMContentLoaded\",function(){for(var e,t,s=l.querySelectorAll(\"iframe.wp-embedded-content\"),r=0;r<s.length;r++)(t=(e=s[r]).getAttribute(\"data-secret\"))||(t=Math.random().toString(36).substring(2,12),e.src+=\"#?secret=\"+t,e.setAttribute(\"data-secret\",t)),e.contentWindow.postMessage({message:\"ready\",secret:t},\"*\")},!1)))}(window,document);\n<\/script>\n","thumbnail_url":"https:\/\/aprendiendoenverde.com\/ar\/wp-content\/uploads\/2021\/09\/Conciencia-ambiental.jpg","thumbnail_width":1920,"thumbnail_height":1280,"description":"El 27 de septiembre de 1993 fallecieron en Buenos Aires siete personas tras una intoxicaci\u00f3n con gas cianh\u00eddrico. En recuerdo y homenaje a estas v\u00edctimas, se eligi\u00f3 esa fecha en Argentina como el \u201cD\u00eda de la Conciencia Ambiental\u201d.En esa oportunidad, en la ciudad de Avellaneda, se produjo esta tragedia cuando diferentes componentes qu\u00edmicos arrojados a &hellip; Seguir leyendo \u00ab\u00bb"}

Fundación Espacios Verdes

27 de septiembre. Día de la Conciencia Ambiental | Aprendiendo en Verde

<blockquote class="wp-embedded-content" data-secret="PHz95FoHLc"><a href="https://aprendiendoenverde.com/ar/2021/09/27/27-de-septiembre-dia-de-la-conciencia-ambiental/">27 de septiembre. Día de la Conciencia Ambiental</a></blockquote><iframe sandbox="allow-scripts" security="restricted" src="https://aprendiendoenverde.com/ar/2021/09/27/27-de-septiembre-dia-de-la-conciencia-ambiental/embed/#?secret=PHz95FoHLc" width="600" height="338" title="«27 de septiembre. Día de la Conciencia Ambiental» — Aprendiendo en Verde" data-secret="PHz95FoHLc" frameborder="0" marginwidth="0" marginheight="0" scrolling="no" class="wp-embedded-content"></iframe><script>
/*! This file is auto-generated */
!function(d,l){"use strict";l.querySelector&&d.addEventListener&&"undefined"!=typeof URL&&(d.wp=d.wp||{},d.wp.receiveEmbedMessage||(d.wp.receiveEmbedMessage=function(e){var t=e.data;if((t||t.secret||t.message||t.value)&&!/[^a-zA-Z0-9]/.test(t.secret)){for(var s,r,n,a=l.querySelectorAll('iframe[data-secret="'+t.secret+'"]'),o=l.querySelectorAll('blockquote[data-secret="'+t.secret+'"]'),c=new RegExp("^https?:$","i"),i=0;i<o.length;i++)o[i].style.display="none";for(i=0;i<a.length;i++)s=a[i],e.source===s.contentWindow&&(s.removeAttribute("style"),"height"===t.message?(1e3<(r=parseInt(t.value,10))?r=1e3:~~r<200&&(r=200),s.height=r):"link"===t.message&&(r=new URL(s.getAttribute("src")),n=new URL(t.value),c.test(n.protocol))&&n.host===r.host&&l.activeElement===s&&(d.top.location.href=t.value))}},d.addEventListener("message",d.wp.receiveEmbedMessage,!1),l.addEventListener("DOMContentLoaded",function(){for(var e,t,s=l.querySelectorAll("iframe.wp-embedded-content"),r=0;r<s.length;r++)(t=(e=s[r]).getAttribute("data-secret"))||(t=Math.random().toString(36).substring(2,12),e.src+="#?secret="+t,e.setAttribute("data-secret",t)),e.contentWindow.postMessage({message:"ready",secret:t},"*")},!1)))}(window,document);
</script>

El 27 de septiembre de 1993 fallecieron en Buenos Aires siete personas tras una intoxicación con gas cianhídrico. En recuerdo y homenaje a estas víctimas, se eligió esa fecha en Argentina como el “Día de la Conciencia Ambiental”.En esa oportunidad, en la ciudad de Avellaneda, se produjo esta tragedia cuando diferentes componentes químicos arrojados a &hellip; Seguir leyendo «»
